+ 1 + v = 0. Calculate the remainder when b(-3) is divided by w.
11
What is the remainder when (11/((-308)/4440))/(25/(-175)) is divided by 12?
6
Suppose 49 + 27 = 19*s. Suppose -361 = -s*n - g, 4*n - 5*n + 88 = -2*g. Calculate the remainder when n is divided by 47.
43
Suppose 0*d = 7*d - 2912. Suppose -110*p + 114*p = d. Calculate the remainder when p is divided by 21.
20
Let c = -10142 - -10405. Calculate the remainder when c is divided by 22.
21
Let a(z) = 11*z - 2706. What is the remainder when a(260) is divided by -6*(312/(-9))/4?
50
Suppose 70 = -6*q + 346. Let c = 92 - q. Calculate the remainder when c is divided by (-4 - -8) + 4/2.
4
Let j be (40/(-32))/((-4)/16). Suppose j*k - 316 = k. What is the remainder when 470 is divided by k?
75
What is the remainder when (-120)/(-100)*32920/16 is divided by 492?
9
Suppose -739 + 1 = -9*n. Suppose 0 = 5*v + 3*w - 93, 19*w = 17*w - 8. Calculate the remainder when n is divided by v.
19
Let o(r) = 112*r + 16176. Calculate the remainder when 445 is divided by o(-144).
13
Suppose 0 = -4*f + 2*s + 580, -2*s + 139 = f - 4*s. Calculate the remainder when f is divided by -5*(3 + 11 - 29).
72
Suppose -62*b + 3627 + 36735 = 0. What is the remainder when b is divided by 14?
7
Let w(t) = -2*t - 6. Let s be w(-7). Let u(j) = 5*j - 5. Let n(i) = 17*i**2 - 3*i - 1. Calculate the remainder when u(s) is divided by n(-1).
16
Let f(r) be the first derivative of r**4/4 + 11*r**3/3 - 5*r**2 + 2*r - 17. Let s be f(-13). Let i = s + 345. What is the remainder when i is divided by 28?
27
Let q be 15 - -2*(-3 - 28/(-8)). Suppose 8*n - q*n = -16. Let y = 6 + n. What is the remainder when y is divided by 2?
0
Let k(i) = 2*i**3 - 6*i - 4. Let t be k(-3). Let j = 38 + t. What is the remainder when 20 is divided by 4/j + 10 + 0?
4
Suppose 9*l = 184 + 185. Let f(v) = -3*v - 21. Let o be f(0). What is the remainder when l is divided by 2/3 - 469/o?
18
Suppose -3034*y = -2904*y - 10400. What is the remainder when 592 is divided by y?
32
Suppose 2*w + 0*q = -3*q + 182, -3*w = -4*q - 239. What is the remainder when w is divided by (-464)/(-11) + ((-20)/55)/2?
1
Let h(w) = 4 - 2 + 32*w - 146*w + 25*w. Let q(k) = k**2 + 11*k + 15. Let i be q(-9). Calculate the remainder when h(i) is divided by 54.
53
Let s(h) = h**3 - 3*h**2 - 21*h + 72. What is the remainder when 1802 is divided by s(4)?
2
Let k(a) = -a - 1. Let y be k(-5). Suppose 4*j + 3*s = 307, -y*j + 138 = -4*s - 162. What is the remainder when j is divided by 7?
6
Let y be (-5 + (-28)/(-6))/(1/(-3)). Let j(m) = -m**3 + 3*m**2 + 4*m + 1. What is the remainder when 1/y - (-3)/(3/2) is divided by j(4)?
0
Let m(f) = 2*f**2 + 33*f + 85. Let p(a) = a**2 + 16*a + 42. Let i(s) = -3*m(s) + 5*p(s). What is the remainder when 403 is divided by i(-10)?
43
Let s be (-192)/(-104) - 3*(-4)/78. Let r = 102 + s. Calculate the remainder when r is divided by 36.
32
Let l be 3/2 + 1630/(-4). Let x = l + 449. What is the remainder when 214 is divided by x?
42
Suppose 139*y = 115*y + 120. Suppose 0 = -5*m + m + 8. Suppose -z = -5*j - 2, -m*z - 2*z + 5*j = -83. Calculate the remainder when z is divided by y.
2
Suppose 0 = -10*m - 41*m + 306. What is the remainder when (m/3 - -226)*48/24 is divided by 17?
14
Let t be 44/(-462) + (-334)/21. Let c(u) = -4*u + 26. What is the remainder when c(t) is divided by 27?
9
Let p = 444958 + -444888. Suppose 0 = c - 4*c + 375. Suppose -3*z + 8*z + 3*h = c, 3*h = 2*z - 50. What is the remainder when p is divided by z?
20
Let y(z) = z**2 + 45. Let t(l) = -l**2 + 7*l + 4. Let x(v) = 1. Let q(h) = t(h) - 4*x(h). Calculate the remainder when y(0) is divided by q(4).
9
What is the remainder when 116 is divided by (-357)/6*(2 + (-48)/21)?
14
Let o = 21309 + -18115. What is the remainder when o is divided by 39?
35
Let y = 3975 - 1806. Calculate the remainder when y is divided by 103.
6
Suppose m = -2*b - 2, 2*b + b = 2*m + 11. Suppose 4*w + 137 = 193. What is the remainder when (-5 + b)/((-8)/96) is divided by w?
6
Let a = -202 - -238. Let q be 1/1*2 - 2. Suppose -3*l + 6*t - 3*t = -a, q = -t + 1. Calculate the remainder when 46 is divided by l.
7
Let k = -17391 - -38094. Calculate the remainder when k is divided by 14.
11
Let m(d) = -d**3 - 27*d**2 - 25*d + 1. Let c(h) = -h**3 - 26*h**2 - 23*h. Let n(w) = -2*c(w) + 3*m(w). Calculate the remainder when 89 is divided by n(-28).
27
Suppose -4*r = -8*r, 5*d + 6*r = 712 + 123. Calculate the remainder when 355 is divided by d.
21
Suppose -s - 23*y + 30 = -22*y, 4*y = 20. Calculate the remainder when 661 is divided by s.
11
Suppose -469 - 136 = -16*r + 5*r. What is the remainder when 2529 is divided by r?
54
Suppose -53*j + 228888 = 60*j - 11*j. Calculate the remainder when j is divided by 446.
14
Calculate the remainder when 376 is divided by ((-14)/14)/((25/(-335))/5).
41
Suppose 168*c = 167*c - 3*a + 1071, 4*a = -c + 1063. What is the remainder when c is divided by 1089?
6
Suppose -664*v - 40 = -669*v, -170 = -2*b + 5*v. Calculate the remainder when 1882 is divided by b.
97
What is the remainder when 103 is divided by (-554)/(-24) + (-108)/1296?
11
Suppose -67*w + 698 = 5*b - 66*w, -4*w - 683 = -5*b. What is the remainder when 152 is divided by b?
13
Let u(j) = -7*j**3 + 36*j**2 + 69*j - 4. Calculate the remainder when 233 is divided by u(-2).
1
Let h = -5796 - -5849. What is the remainder when 211 is divided by h?
52
Suppose 76 = p + 20. Let h be (-11 - -8) + (0 - -5) + 359. Suppose -h = -15*f - 4*f. What is the remainder when p is divided by f?
18
Let l(t) = t**3 + 16*t**2 + t + 39. Calculate the remainder when (83/2)/((-39)/(-234)) is divided by l(-16).
19
Let r(q) = q**2 - 27*q - 89. Let o be r(-3). Let u(p) = 33*p**2 - 14*p - 3. Let n(d) = 37*d - 1. Calculate the remainder when n(3) is divided by u(o).
14
Let w(f) = -3*f**3 + 10*f**2 + 44*f - 24. Calculate the remainder when w(-8) is divided by 164.
160
Let r = 117 - 59. Suppose -210 = 2*u + 3*u. Let i = u - -62. What is the remainder when r is divided by i?
18
Let v(y) = -4*y - 22. Suppose -2*a + 165 = -3*z, 395 = a + 4*a - 4*z. What is the remainder when a is divided by v(-8)?
5
Suppose 0 = 149*g - 98*g - 4539. Calculate the remainder when g is divided by 19.
13
Let y = -13 + 15. Suppose -4*m + 6 = 6*i - 5*i, 0 = -i + 2. Let b(u) = 10*u - 2. What is the remainder when b(m) is divided by y?
0
Let v = 22900 - 20259. What is the remainder when v is divided by 98?
93
Suppose 0 = a - 3, 5*a = -x + 15 + 5. Suppose 77*r + x = 82*r. Let n(f) = -f**3 + 8*f**2 + 1. Calculate the remainder when n(8) is divided by r.
0
Let i(m) = 5*m + 73. Let k be i(-21). Let h(u) = u**3 + 31*u**2 - 32*u + 31. What is the remainder when h(k) is divided by 11?
9
Suppose 585*f + 2568 = 591*f. Let x = f + -260. What is the remainder when x is divided by 40?
8
Suppose -o + 400 = 4*d, -5*o - 277 = -118*d + 115*d. Calculate the remainder when 668 is divided by d.
74
Let v(f) be the third derivative of f**4/3 + 23*f**3/6 + 120*f**2. Calculate the remainder when 176 is divided by v(5).
50
Let x(y) = y**3 + 8*y**2 - 4*y + 8. Let c be x(-9). Let l = 22 + c. What is the remainder when 29 is divided by l*(8/12 + (-10)/6)?
14
Let u = 8449 - 7746. What is the remainder when u is divided by 169?
27
Suppose -116*r + 103*r = 182. Calculate the remainder when 87 is divided by (551/(-203))/(2/r).
11
Let q = 17454 - 16873. What is the remainder when q is divided by 170?
71
Suppose -5*d + 172 = 2. Let t = d - 36. What is the remainder when 7 is divided by (1 - 4)/(t/(8/3))?
3
Let y(n) be the first derivative of n**4/4 - 8*n**3/3 + 19*n**2/2 - 15*n - 155. What is the remainder when 18 is divided by y(5)?
3
Let w(c) = -5*c**3 - 4*c**2 + 3*c + 6. Let n be w(-3). Suppose -44*x + n = -40*x. Calculate the remainder when x is divided by 5.
4
Suppose -170 = -3*d + 4*x + 130, 3*x + 386 = 4*d. Suppose 75 = 3*y - 45. Calculate the remainder when d is divided by y.
12
What is the remainder when ((-286)/(-9))/((-26)/(-117)) is divided by 47?
2
Let g = -6338 + 6368. Calculate the remainder when 2126 is divided by g.
26
Suppose -14 = -40*m + 25*m + 121. What is the remainder when 154 is divided by m?
1
Suppose 42*g - 62 = 40*g - 2*k, -3*g + 4*k + 114 = 0. Suppose -50*p + 7257 - 557 = 0. What is the remainder when p is div